st the prime factors of 446148772.
2, 109, 1023277
List the prime factors of 313949863.
17, 19, 971981
List the prime factors of 629860.
2, 5, 7, 11, 409
What are the prime factors of 617033494?
2, 7, 11, 599, 6689
List the prime factors of 217654002.
2, 3, 521, 23209
List the prime factors of 51610286.
2, 7, 13, 283573
List the prime factors of 86241577.
101, 139, 6143
What are the prime factors of 134600?
2, 5, 673
List the prime factors of 122802729.
3, 7, 5847749
List the prime factors of 507968147.
29, 41, 163, 2621
What are the prime factors of 47145975?
3, 5, 23, 151, 181
What are the prime factors of 85614629?
181, 473009
What are the prime factors of 1939638380?
2, 5, 31, 887, 3527
List the prime factors of 53713247.
7, 19, 251, 1609
What are the prime factors of 50658752?
2, 791543
What are the prime factors of 154747226?
2, 17, 31, 146819
List the prime factors of 2222485070.
2, 5, 13, 1487, 11497
What are the prime factors of 1184574547?
13, 91121119
What are the prime factors of 522504818?
2, 11, 467, 50857
What are the prime factors of 206769431?
11, 37, 508033
What are the prime factors of 47615131?
47615131
What are the prime factors of 177562300?
2, 5, 23, 77201
List the prime factors of 680102260.
2, 5, 41, 67, 12379
What are the prime factors of 237875371?
29, 149, 55051
What are the prime factors of 1587747248?
2, 131, 757513
What are the prime factors of 5750310667?
73, 3203, 24593
What are the prime factors of 21187460?
2, 5, 7, 151339
List the prime factors of 40362567.
3, 7, 1922027
What are the prime factors of 88164168?
2, 3, 3673507
List the prime factors of 31960616.
2, 23, 173699
What are the prime factors of 1598248630?
2, 5, 11, 47, 97, 3187
What are the prime factors of 782476588?
2, 195619147
List the prime factors of 13650193.
13650193
What are the prime factors of 42926249?
61, 703709
What are the prime factors of 449265757?
449265757
List the prime factors of 4372771899.
3, 1457590633
What are the prime factors of 336345171?
3, 112115057
List the prime factors of 98506950.
2, 3, 5, 37, 17749
List the prime factors of 71461364.
2, 13, 1374257
What are the prime factors of 630272762?
2, 7, 45019483
List the prime factors of 103488648.
2, 3, 53, 81359
List the prime factors of 430832160.
2, 3, 5, 11, 59, 461
List the prime factors of 443010910.
2, 5, 44301091
List the prime factors of 55824299.
19, 373, 7877
List the prime factors of 1382707124.
2, 29, 41, 307, 947
What are the prime factors of 303602712?
2, 3, 7, 83, 21773
List the prime factors of 25872998.
2, 137, 94427
What are the prime factors of 1896108683?
7, 499, 542831
List the prime factors of 5706172.
2, 1426543
List the prime factors of 5737526483.
13, 441348191
List the prime factors of 115938219.
3, 38646073
What are the prime factors of 121652939?
139, 875201
What are the prime factors of 12332588?
2, 3083147
What are the prime factors of 870512099?
870512099
What are the prime factors of 300256582?
2, 19, 23, 343543
What are the prime factors of 475253481?
3, 71, 1063, 2099
List the prime factors of 4001323293.
3, 11, 1496941
What are the prime factors of 2534939792?
2, 7, 11, 269, 7649
What are the prime factors of 1278673980?
2, 3, 5, 1801, 11833
What are the prime factors of 377858783?
31, 53, 229981
What are the prime factors of 538125803?
17, 379
List the prime factors of 967813000.
2, 5, 7, 11, 12569
What are the prime factors of 480057106?
2, 240028553
List the prime factors of 98131539.
3, 11, 271, 10973
List the prime factors of 568679425.
5, 797, 28541
What are the prime factors of 561236174?
2, 19, 14769373
What are the prime factors of 133711051?
59, 2266289
List the prime factors of 17179095.
3, 5, 17, 67369
List the prime factors of 84167627.
79, 263, 4051
What are the prime factors of 23268719?
43, 541133
List the prime factors of 67944827.
269, 252583
List the prime factors of 346696653.
3, 29, 31, 128549
What are the prime factors of 513085836?
2, 3, 31, 1379263
List the prime factors of 2191820984.
2, 273977623
What are the prime factors of 1032851181?
3, 5393, 63839
List the prime factors of 363845452.
2, 90961363
What are the prime factors of 881371954?
2, 19483, 22619
What are the prime factors of 157404072?
2, 3, 7, 19121
List the prime factors of 110523125.
5, 181, 977
List the prime factors of 567694493.
567694493
What are the prime factors of 77569273?
1549, 50077
List the prime factors of 190894642.
2, 97, 983993
List the prime factors of 5187467290.
2, 5, 1201, 431929
What are the prime factors of 2894561553?
3, 13, 317, 234131
What are the prime factors of 431406847?
431406847
What are the prime factors of 57978337?
29, 79, 25307
List the prime factors of 3250927640.
2, 5, 23, 211, 16747
What are the prime factors of 71047892?
2, 17761973
What are the prime factors of 827041238?
2, 413520619
What are the prime factors of 168712520?
2, 5, 4217813
List the prime factors of 36320029.
36320029
What are the prime factors of 902881378?
2, 7, 64491527
What are the prime factors of 74251499?
7, 10607357
What are the prime factors of 578686758?
2, 3, 13, 570697
What are the prime factors of 48175627?
6679, 7213
What are the prime factors of 6447947510?
2, 5, 17, 37929103
What are the prime factors of 1489373935?
5, 7, 53, 15149
What are the prime factors of 42726666?
2, 3, 47, 103, 1471
What are the prime factors of 141205643?
157, 811, 1109
What are the prime factors of 280582024?
2, 41, 443, 1931
What are the prime factors of 1096925325?
3, 5, 14625671
What are the prime factors of 1429717862?
2, 5849, 122219
What are the prime factors of 58883122?
2, 4159, 7079
What are the prime factors of 2760448336?
2, 79, 2183899
What are the prime factors of 505787929?
1559, 324431
What are the prime factors of 11777153?
937, 12569
List the prime factors of 5289362441.
11, 2861, 168071
What are the prime factors of 3750318?
2, 3, 11, 13, 31, 47
List the prime factors of 1734771664.
2, 17, 41, 155557
List the prime factors of 82382531.
7, 11, 31, 34513
List the prime factors of 180146500.
2, 5, 360293
What are the prime factors of 14832467?
13, 1140959
What are the prime factors of 83361668?
2, 13, 67, 71, 337
What are the prime factors of 242126025?
3, 5, 19, 169913
What are the prime factors of 6312265771?
7, 901752253
What are the prime factors of 45312886?
2, 31, 730853
List the prime factors of 579827288.
2, 72478411
What are the prime factors of 143780192?
2, 257, 17483
List the prime factors of 11864021.
13, 23, 39679
What are the prime factors of 1916417407?
53, 2467, 14657
List the prime factors of 53544205.
5, 11, 13, 74887
List the prime factors of 20261074.
2, 10130537
What are the prime factors of 393976708?
2, 41, 2402297
List the prime factors of 129259844.
2, 7, 29, 22741
List the prime factors of 1744953368.
2, 71, 3072101
What are the prime factors of 212486714?
2, 11, 9658487
List the prime factors of 473399114.
2, 773, 306209
What are the prime factors of 543668042?
2, 1973, 137777
What are the prime factors of 1024703927?
13, 78823379
List the prime factors of 354159662.
2, 177079831
List the prime factors of 221028604.
2, 29, 599, 3181
List the prime factors of 76557658.
2, 38278829
List the prime factors of 85468039.
37, 149, 419
List the prime factors of 196353181.
53, 1123, 3299
List the prime factors of 6200467866.
2, 3, 19, 907, 2221
What are the prime factors of 57685020?
2, 3, 5, 151, 6367
List the prime factors of 1323000636.
2, 3, 110250053
What are the prime factors of 269637999?
3, 149, 603217
List the prime factors of 7543482196.
2, 241, 7825189
What are the prime factors of 2781874441?
17, 53, 409, 7549
What are the prime factors of 5747341128?
2, 3, 37, 43, 150517
List the prime factors of 31134152.
2, 7, 555967
What are the prime factors of 42385232?
2, 2649077
List the prime factors of 45071569.
45071569
What are the prime factors of 45812162?
2, 11, 383, 5437
List the prime factors of 116617540.
2, 5, 13, 313, 1433
List the prime factors of 231907278.
2, 3, 38651213
What are the prime factors of 314429672?
2, 39303709
List the prime factors of 357149255.
5, 1367, 52253
What are the prime factors of 149848258?
2, 7, 10703447
List the prime factors of 89208757.
11, 8109887
List the prime factor